Let f(s) be the second derivative of z(s). What is f(1)?
-2
Let a(d) be the third derivative of d**6/24 - d**4/24 + 9*d**2. Let s(x) = x**2 - 7*x + 5. Let c be 1/(-1) + 0 - -7. Let r be s(c). What is a(r)?
-4
Let a(c) = c - 3. Suppose 5*o - 10 = -5*j, -2*j - 2*j = 4. Suppose -o*k = -0*k + 9. What is a(k)?
-6
Let b(n) = n**3 - n**2 - 2*n + 3. Let a be b(2). Let o = a + -8. Let g(w) be the third derivative of w**5/60 + 7*w**4/24 + 7*w**3/6 + w**2. Determine g(o).
-3
Suppose 45 - 15 = -5*r. Let z(o) be the first derivative of o**4/4 + 2*o**3 - o**2 - 7*o - 14. Determine z(r).
5
Let w(p) = 10*p**3 + 4*p**2 - 4*p - 1. Let k(v) = -2*v - 2 + 30*v**3 - 9*v + 11*v**2 - 1. Let g(a) = -4*k(a) + 11*w(a). Calculate g(-1).
11
Let w be -4 + 1 + 1 + -2. Let i(c) = -c**2 - 1. Let g(n) = 9 - n - 9. Let m(r) = -4*g(r) - i(r). Calculate m(w).
1
Let t(w) = 9*w**3 + 2*w**2 - w. Suppose 0 = -g - 4*j + 14, 2*j - 5 = g - 1. Suppose 0 = -5*n + 3*h + 5, -5*n = -g*n + 4*h - 3. Determine t(n).
10
Let l be 1/((6/(-9))/(-2)). Let c(j) = -2*j**2 + 2*j**3 - 2*j + 3 + 5*j**2 + 0*j**l - j**3. Determine c(-4).
-5
Let b(f) = f**2 - 8*f + 3. Let t(d) = -8 - 2*d**2 - 6*d**3 - d + 8. Let g be t(-1). Determine b(g).
-12
Let a(s) = -s**2 - 6*s + 9. Let p be a(-7). Let t(i) = 2*i**2 + 2*i**p + 0*i + i**3 - i - 2*i**2. Determine t(-2).
2
Suppose -3*a + 8 = 2. Suppose -h - 5 = -a*h. Suppose 0 = 2*n - h*x - 31, 5*n - 4*x = -x + 30. Let g(v) = -v**2 + v + 1. What is g(n)?
-5
Suppose -2*p + 6*p - 16 = 0. Let b(d) = 10*d - 8. Let w(m) = m - 1. Let y(k) = -b(k) + 4*w(k). Let h(v) = 5*v - 4. Let i(o) = 5*h(o) + 4*y(o). What is i(p)?
0
Suppose 11 = -2*h - 1. Let z = -9 - h. Let q(p) = -3*p + 9. Let r(x) = -4*x + 10. Let k(u) = 7*q(u) - 6*r(u). Calculate k(z).
-6
Let o(x) = -2 - 5*x**3 + 7*x**3 - 2*x**2 - 3*x**3 + 3*x. Suppose 2*d + 1 = 3*d - 3*j, -3*j - 13 = 5*d. Let z be d/7 + 19/(-7). Calculate o(z).
-2
Let x(o) = 3 - o - 2 - o**2 + 9*o**3 + 6 - 10*o**3. Give x(0).
7
Suppose 3*h + 4*y = 17, 5*h - h - 4*y = 32. Suppose -1 = x - h. Let i(s) = -s**3 + 7*s**2 - 5*s - 3. Determine i(x).
3
Let l(z) be the second derivative of z**4/6 + z**2/2 - 7*z. Give l(1).
3
Let m(o) = 8*o + 6. Let n(r) = -4*r - 3. Let h(w) = -3*m(w) - 5*n(w). Let z = -10 + 6. Let g be z - -2 - 0/(-1). Give h(g).
5
Let q(a) = a**3 - 7*a**2 - 5*a - 9. Let s be q(8). Suppose -3*t + s = -0*t. Let r(n) = 7*n**2 + t - 4 + 0. Determine r(1).
8
Let b(w) be the second derivative of -w**5/20 + 5*w**4/12 - w**3/6 + w**2 - 15*w. Give b(3).
17
Let j(t) be the third derivative of t**5/60 - 7*t**4/24 - t**3/2 - 34*t**2. Calculate j(7).
-3
Let q(t) be the first derivative of -6*t**2 - 22. Give q(-1).
12
Suppose 0 = -5*s + 4*v + 12, -9 = -3*s + 2*v + v. Let p(u) = u + 2. Determine p(s).
2
Let v(g) = g + 4. Suppose n - 3*c + 17 = 0, 2*n + 23 = -n - 5*c. Let q = -15 - n. Let f be (q/8)/((-1)/(-6)). What is v(f)?
1
Let o(t) = -t**3 - 7*t**2 - 7*t - 8. Let y be o(-6). Let r(w) = -1. Let h(z) = -z**2 - 5*z - 4. Let k(v) = -h(v) + 3*r(v). Calculate k(y).
-5
Let b(s) = s**2 + 2*s**3 + 3*s**3 - s + 0*s - 6*s**3 + 2. Let q = 6 + -4. Determine b(q).
-4
Let h(y) be the second derivative of -y**3/6 + 6*y - 3. Determine h(-4).
4
Let f(y) = -y**3 - 6*y**2 - y - 5. Let a = -73 - -108. Suppose 3*j + a = -i, -2*i - j = -0*i + 45. Let l = i + 14. What is f(l)?
1
Let w(s) be the second derivative of -5*s**4/12 + s**3/6 + s**2 - 15*s. What is w(2)?
-16
Let q(w) = w**3 - 7*w**2 + 7*w - 2. Let m = -107 + 113. What is q(m)?
4
Suppose 5*w = 7*w - 14. Let b(t) = t**2 - 5*t - 2. Determine b(w).
12
Let n(q) = q**2 - 2*q**3 + 3*q**2 + 5*q**3 + 3*q. Let s be (-12)/(-16)*96/(-36). What is n(s)?
-14
Let b = 0 - -3. Suppose 4 = 2*j + v, -18 = -7*j + b*j + 3*v. Let n(o) = -o**3 + 4*o**2 - o - 2. Calculate n(j).
4
Let n(f) = -3*f**2 + f**3 - 237 - 2*f + 236 - 3*f**3. What is n(-2)?
7
Let b(c) be the third derivative of 5/24*c**4 + 0*c - 1/3*c**3 + 0 + 5*c**2. Calculate b(2).
8
Suppose j = -u + 3, -2*u + 12 = -4*j + 8*j. Let t(k) be the third derivative of -2*k**2 + 1/24*k**4 - 1/2*k**3 + 0 + 1/60*k**5 + 0*k. What is t(u)?
-3
Let c(f) = f**3 + 3*f**2 - 20*f - 12. Let q be c(-6). Let a(h) be the third derivative of -1/2*h**3 + q - 1/24*h**4 - 4*h**2 + 0*h. Calculate a(3).
-6
Let v(t) = 2*t**2 - 2. Let p(y) = -y + 13. Let z be p(15). Let o be (-1)/1 - (-5 - z). Give v(o).
6
Let b(t) = -t**3 - t**2 + t + 1. Let q be b(1). Let u(j) = -15 + 4*j - 5*j + 4. What is u(q)?
-11
Let q(y) = -y**2 + y + 1. Let n(x) = x**3 - 11*x**2 - 7*x - 1. Let o(v) = n(v) - 2*q(v). Determine o(10).
7
Let q(o) be the second derivative of o**3/2 - 2*o**2 + 2*o. Calculate q(3).
5
Let h be 3/(63/(-6)) + (-10)/14. Let f(k) = -5*k**2 + 1. What is f(h)?
-4
Suppose -6*j = -j - 10. Let r(a) = 1 + a**2 - 2 - 2*a**j + 4*a + 0*a. What is r(3)?
2
Let v(i) be the first derivative of -i**2/2 + 5*i - 1. Determine v(0).
5
Let l be 6*(1 + (-2)/4). Let a be (4/10)/((-8)/(-40)). Let c(b) = a*b**2 - 2*b - 3*b**2 - 1 - 3*b**2 + 5*b**2. Calculate c(l).
2
Let u(w) = 27*w - 5*w**3 + 4*w**3 + 2 - w**2 - 28*w. Let c(x) = x**2 + x - 1. Let b be c(-2). Let t = -1 + b. Calculate u(t).
2
Let j(q) = -2 + 0 + 0 - q. Determine j(-6).
4
Let j(c) be the third derivative of c**7/5040 - c**6/240 - c**5/60 + 6*c**2. Let k(w) be the third derivative of j(w). What is k(3)?
0
Let d(g) be the third derivative of -g**5/60 - g**4/24 - g**3/6 - 2*g**2. Let y(z) = -z**3 - 2*z**2. Let w(v) = -3*d(v) - y(v). Give w(-4).
7
Let l = 2 + -3. Let z(b) = 0 - 2 + 1. Let y(v) = -v + 1. Let a(u) = l*y(u) + z(u). What is a(5)?
3
Let f = 0 + 4. Let p(a) = -a**3 + 5*a**2 - a - 5. Determine p(f).
7
Let p(o) = -o**2 + 4*o + 1. Let d(l) = -l**2 - 7*l + 4. Let u be d(-6). Let i be ((-28)/(-8) - 3)*u. What is p(i)?
-4
Let k(b) be the third derivative of -b**8/20160 - b**6/360 - b**5/20 - 3*b**2. Let r(p) be the third derivative of k(p). Let j = 0 - 0. Calculate r(j).
-2
Let i(h) = h**2 - 9*h - 2. Let o = -52 + 58. Determine i(o).
-20
Let k be 0*2/(4*-1). Let y be k/(2 + 0 + -3). Let a(b) = -b**3 + b**2 + 1. Give a(y).
1
Suppose 0 = -5*f - 2*d - 7 + 27, 35 = 5*f - d. Let l be (4/f)/((-5)/(-30)). Suppose -z - z + 3*n = 0, n + l = 2*z. Let o(r) = r - 4. Calculate o(z).
-1
Let l(t) be the first derivative of -t**3/3 - 4*t**2 + 3*t - 35. Determine l(-9).
-6
Let m(g) = -2*g - 5. Let u be m(-4). Let t(z) = -z**2 - 2*z + 5*z + z**u + 3 + 0 + 3*z**2. Let k be -3 + 2 + (0 - 1). Calculate t(k).
-3
Let m(d) = 4*d**3 - 2*d + 2*d**3 - 2*d**2 - 5*d**3 + 4*d. Calculate m(2).
4
Let j(r) = r**3 + r**2 - 8. Let p(a) = -a**2 - 2*a. Let o(y) = y. Suppose -2*f = -4*f + 6. Let t(c) = f*o(c) - p(c). Let x be t(-5). Calculate j(x).
-8
Let a(t) = 1 + 11*t - t - 2. Let o be a(1). Let n(y) = -4*y - 5 + 1 + o*y + y**2. Calculate n(-5).
-4
Let w(o) = -2*o**2 + 9*o + 2. Let x(q) = q**2 - 4*q - 1. Let k(d) = -4*w(d) - 9*x(d). Give k(-3).
-8
Suppose 0 = 4*t + 2*g + 3*g + 40, -29 = 5*t + g. Let j(p) be the second derivative of p**5/20 + p**4/2 + 5*p**3/6 - 7*p**2/2 + 4*p. Determine j(t).
-7
Let b(f) be the second derivative of f**3/3 - 2*f. Let r be (-3)/6*(0 + 0). Suppose r*a - 2 = a. Give b(a).
-4
Let k(y) = -y + 1. Let n(u) = -13*u + 22. Let o(j) = 4*j - 7. Let p(s) = 2*n(s) + 7*o(s). Let l(m) = -3*k(m) - p(m). Give l(5).
7
Let t(y) = -y**3 + 7*y**2 + 3. Let n be 1/4 - (-162)/24. Give t(n).
3
Let n(c) = 3*c + 14. Let k(b) = 4*b + 14. Let i(o) = -4*k(o) + 5*n(o). Suppose -2*t + 8*m + 12 = 13*m, 30 = 5*t - m. What is i(t)?
8
Let k(p) = p**2 + p. Suppose 32 + 4 = 12*r. Calculate k(r).
12
Let u = -2 + 5. Let h(b) = -3*b**2 + 5*b - 1. Let x(o) = 13*o**2 - 21*o + 3. Let l(j) = 9*h(j) + 2*x(j). Determine l(u).
-3
Let a(x) = -x**3 + x**2 - 2*x - 5. Suppose 0 = 3*m - 1 + 10. Let l(z) = z**2 + z. Let t(v) = m*l(v) - a(v). Determine t(4).
1
Let a(x) = -3*x + 10*x + 8 - 6*x. What is a(-5)?
3
Let o(i) = i**2 - 6*i + 6. Suppose 2*v - 10 = -2*f - 0*f, 3*v - 5*f = 15. Calculate o(v).
1
Let g(s) = -29 + 3*s + 10 + 19. Give g(-1).
-3
Let i(o) = 0 - 3*o + 5 - o - 6. Let l be (-6)/(-3) - (-18)/(-3). What is i(l)?
15
Let b = 14 - 10. Suppose -l + b*l - 5*h = -6, -4*h + 2 = -l. Let n(g) = g**2. Let y(q) = q**2 - 1. Let i(p) = -3*n(p) + 2*y(p). Give i(l).
-6
Let r(w) = -47 - w + 95 - 49. Calculate r(7).
-8
Let j be 2/